alculate the remainder when 989 is divided by 180.
89
What is the remainder when 107 is divided by 22?
19
Calculate the remainder when 524 is divided by 17.
14
Calculate the remainder when 39 is divided by 21.
18
Calculate the remainder when 1187 is divided by 9.
8
What is the remainder when 570 is divided by 250?
70
Calculate the remainder when 3474 is divided by 158.
156
Calculate the remainder when 717 is divided by 350.
17
Calculate the remainder when 340 is divided by 117.
106
What is the remainder when 175 is divided by 15?
10
What is the remainder when 494 is divided by 13?
0
What is the remainder when 494 is divided by 77?
32
Calculate the remainder when 345 is divided by 74.
49
What is the remainder when 26 is divided by 18?
8
Calculate the remainder when 1994 is divided by 498.
2
What is the remainder when 586 is divided by 173?
67
Calculate the remainder when 113 is divided by 16.
1
Calculate the remainder when 1137 is divided by 141.
9
Calculate the remainder when 840 is divided by 47.
41
What is the remainder when 783 is divided by 16?
15
Calculate the remainder when 11 is divided by 10.
1
What is the remainder when 1664 is divided by 111?
110
What is the remainder when 933 is divided by 311?
0
What is the remainder when 4587 is divided by 16?
11
What is the remainder when 3237 is divided by 54?
51
What is the remainder when 51 is divided by 15?
6
What is the remainder when 1117 is divided by 70?
67
Calculate the remainder when 3566 is divided by 19.
13
Calculate the remainder when 1626 is divided by 44.
42
What is the remainder when 160 is divided by 18?
16
Calculate the remainder when 388 is divided by 64.
4
What is the remainder when 79 is divided by 43?
36
What is the remainder when 364 is divided by 95?
79
What is the remainder when 39399 is divided by 9?
6
Calculate the remainder when 29635 is divided by 89.
87
Calculate the remainder when 350 is divided by 177.
173
What is the remainder when 262 is divided by 22?
20
Calculate the remainder when 124 is divided by 27.
16
Calculate the remainder when 1931 is divided by 120.
11
Calculate the remainder when 439 is divided by 35.
19
Calculate the remainder when 634 is divided by 36.
22
Calculate the remainder when 202 is divided by 20.
2
What is the remainder when 5647 is divided by 22?
15
Calculate the remainder when 13437 is divided by 48.
45
Calculate the remainder when 396 is divided by 389.
7
What is the remainder when 5936 is divided by 72?
32
What is the remainder when 937 is divided by 104?
1
What is the remainder when 597 is divided by 24?
21
What is the remainder when 675 is divided by 13?
12
What is the remainder when 960 is divided by 236?
16
Calculate the remainder when 56 is divided by 29.
27
Calculate the remainder when 585 is divided by 583.
2
What is the remainder when 1350 is divided by 11?
8
What is the remainder when 131 is divided by 20?
11
What is the remainder when 4770 is divided by 77?
73
What is the remainder when 437 is divided by 34?
29
What is the remainder when 19 is divided by 15?
4
Calculate the remainder when 534 is divided by 19.
2
Calculate the remainder when 1846 is divided by 373.
354
Calculate the remainder when 48 is divided by 11.
4
What is the remainder when 2023 is divided by 81?
79
Calculate the remainder when 39 is divided by 9.
3
What is the remainder when 202 is divided by 17?
15
Calculate the remainder when 714 is divided by 11.
10
What is the remainder when 240 is divided by 221?
19
Calculate the remainder when 65 is divided by 30.
5
What is the remainder when 996 is divided by 490?
16
Calculate the remainder when 335 is divided by 34.
29
Calculate the remainder when 750 is divided by 372.
6
What is the remainder when 1582 is divided by 72?
70
What is the remainder when 2610 is divided by 19?
7
What is the remainder when 203 is divided by 152?
51
What is the remainder when 2528 is divided by 110?
108
What is the remainder when 540 is divided by 115?
80
What is the remainder when 12873 is divided by 74?
71
Calculate the remainder when 3167 is divided by 227.
216
Calculate the remainder when 283 is divided by 17.
11
What is the remainder when 75 is divided by 56?
19
What is the remainder when 1316 is divided by 238?
126
What is the remainder when 491 is divided by 16?
11
Calculate the remainder when 1023 is divided by 21.
15
Calculate the remainder when 264 is divided by 38.
36
Calculate the remainder when 677 is divided by 56.
5
What is the remainder when 347 is divided by 35?
32
What is the remainder when 307 is divided by 31?
28
What is the remainder when 1095 is divided by 49?
17
Calculate the remainder when 128 is divided by 10.
8
Calculate the remainder when 1949 is divided by 32.
29
Calculate the remainder when 33988 is divided by 56.
52
What is the remainder when 774 is divided by 19?
14
What is the remainder when 770 is divided by 90?
50
What is the remainder when 103 is divided by 27?
22
Calculate the remainder when 102 is divided by 54.
48
What is the remainder when 237 is divided by 63?
48
What is the remainder when 59 is divided by 9?
5
What is the remainder when 1006 is divided by 64?
46
Calculate the remainder when 688 is divided by 99.
94
Calculate the remainder when 173 is divided by 7.
5
What is the remainder when 37 is divided by 12?
1
Calculate the remainder when 166 is divided by 31.
11
Calculate the remainder when 66 is divided by 32.
2
Calculate the remainder when 221 is divided by 33.
23
Calculate the remainder when 107 is divided by 33.
8
Calculate the remainder when 573 is divided by 24.
21
What is the remainder when 1416 is divided by 74?
10
Calculate the remainder when 173 is divided by 37.
25
What is the remainder when 319 is divided by 25?
19
Calculate the remainder when 6045 is divided by 85.
10
Calculate the remainder when 115 is divided by 72.
43
Calculate the remainder when 191 is divided by 81.
29
Calculate the remainder when 800 is divided by 81.
71
What is the remainder when 681 is divided by 22?
21
Calculate the remainder when 12691 is divided by 17.
9
What is the remainder when 483 is divided by 93?
18
What is the remainder when 46 is divided by 4?
2
What is the remainder when 3539 is divided by 15?
14
What is the remainder when 59 is divided by 52?
7
What is the remainder when 268 is divided by 9?
7
Calculate the remainder when 924 is divided by 437.
50
Calculate the remainder when 1646 is divided by 55.
51
Calculate the remainder when 98 is divided by 23.
6
Calculate the remainder when 454 is divided by 38.
36
What is the remainder when 2448 is divided by 70?
68
Calculate the remainder when 84 is divided by 15.
9
Calculate the remainder when 1616 is divided by 36.
32
What is the remainder when 2239 is divided by 248?
7
Calculate the remainder when 3095 is divided by 162.
17
What is the remainder when 42257 is divided by 10?
7
Calculate the remainder when 381 is divided by 181.
19
Calculate the remainder when 280 is divided by 262.
18
What is the remainder when 1120 is divided by 59?
58
What is the remainder when 119 is divided by 65?
54
What is the remainder when 5354 is divided by 26?
24
Calculate the remainder when 212 is divided by 50.
12
What is the remainder when 59 is divided by 12?
11
What is the remainder when 4614 is divided by 57?
54
Calculate the remainder when 1418 is divided by 33.
32
Calculate the remainder when 1780 is divided by 33.
31
Calculate the remainder when 3406 is divided by 44.
18
Calculate the remainder when 125 is divided by 45.
35
What is the remainder when 73 is divided by 37?
36
What is the remainder when 169 is divided by 46?
31
What is the remainder when 642 is divided by 26?
18
What is the remainder when 142 is divided by 15?
7
Calculate the remainder when 862 is divided by 208.
30
What is the remainder when 1401 is divided by 39?
36
Calculate the remainder when 590 is divided by 8.
6
What is the remainder when 1408 is divided by 17?
14
Calculate the remainder when 193 is divided by 16.
1
Calculate the remainder when 1955 is divided by 89.
86
Calculate the remainder when 7634 is divided by 18.
2
Calculate the remainder when 325 is divided by 90.
55
Calculate the remainder when 58 is divided by 17.
7
Calculate the remainder when 1698 is divided by 563.
9
Cal